f be p(q). Give w(f).
6
Let j(t) = -t**2 + t - 5. Suppose g - w - w = 47, -4*w = -5*g + 211. Let x = -39 + g. Give j(x).
-5
Let a(q) = q**3 + 3*q**2 - q - 4. Let n be a(-2). Suppose n*v + 12 = 58. Let j(y) = 0*y**3 + 24 + y**3 - v - 3*y + y**2. Calculate j(-3).
-8
Let l(d) = d + 1 + 2 - 5 - 1. Suppose 3*q = 3*s, 4*s + 4*q + 28 = q. Determine l(s).
-7
Let b(u) = u**2 + 4*u + 2. Let j = -5 + 31. Let f(r) = -r**2 + 14*r - 27. Let y be f(8). Suppose 4*k - y = 3*a, 0 = 4*a - 3*k - 5 + j. Give b(a).
-1
Let q(l) = -l**2 + 7*l - 1. Let h(p) = p**2 + 7*p + 14. Let s be h(-6). Let c = 0 + s. Let n be 31/4 + (-6)/c. What is q(n)?
-1
Let b(q) = -16*q - 7. Let c(d) = -9*d - 3. Let g(y) = -3*b(y) + 5*c(y). What is g(-5)?
-9
Let x(c) be the first derivative of c**3 + 4*c**2 + 10*c + 364. Give x(-2).
6
Let c(o) be the first derivative of -o**4/4 - 7*o**3/3 + 7*o**2/2 + 7*o - 506. Calculate c(-8).
15
Suppose 3*g = -2*g - 2*y + 3, 4*y + 7 = 3*g. Let u(r) = -7*r**2 + 5*r + 3. Let b(l) = -14*l**2 + 9*l + 5. Let v(z) = 4*b(z) - 7*u(z). Calculate v(g).
-7
Let t(r) be the first derivative of r**4/4 + r**2/2 - r - 37. What is t(1)?
1
Let p(f) = -f - 3 - 2 + 7. Suppose -5*l = -2*q + 16, -5*q + 8 = 5*l + 3. Determine p(q).
-1
Let f(j) = -2*j + 5. Let o be (-24)/(-10)*((-80)/12)/(-2). Give f(o).
-11
Let h(f) be the first derivative of -f**3/3 - f**2 + 11*f + 5. Let u(b) be the first derivative of h(b). What is u(-4)?
6
Let w(k) = -k**3 + 4*k**2 + 4*k - 3. Let o(m) = 3*m**3 + m + 5. Let g be o(0). Calculate w(g).
-8
Let k = 43 + -28. Let f be (132/24)/((-1)/(-2)). Let h = f - k. Let c(u) = -2*u + 1. What is c(h)?
9
Let d(l) = -2*l**2 + 4*l - 3. Let w be (0 - (1 + (-1)/(-2)))*-2. Suppose -5*b = 5*n - 35, -w*b + 3*n = -0*b + 9. What is d(b)?
-3
Let y(f) = 7*f + 19. Let h(t) = -t**3 - 6*t**2 + 13*t - 33. Let m be h(-8). Determine y(m).
-44
Let h(u) = -u**2 + 5*u. Let y(a) be the first derivative of -5*a**2/2 - 8. Let p be y(-1). Determine h(p).
0
Let d(v) = -3*v - 2*v**2 + v**2 + 5*v**2 + v**3. Let p = 2312 + -2316. Determine d(p).
12
Suppose 0 = 3*h - n - 5, 4*h + 2*n - 3 - 7 = 0. Let j(o) = -9 - 6*o**2 + 3*o**h - 2*o**2 - 9*o + 6*o**2. What is j(8)?
-17
Let q(c) = 112 + 2*c**2 + 2*c**3 - 3*c**2 - 3*c**3 - 111. Calculate q(1).
-1
Let y be (8 - 6) + (-24)/(-6). Let s(p) = 2*p + 1. Let z(j) = 2*j + 2. Let m(f) = -6*s(f) + 5*z(f). Determine m(y).
-8
Let o(g) = -27*g - 279 + 0*g**3 + 11*g**2 + g**3 + 268. What is o(-13)?
2
Let k = -3 - -7. Suppose x + 5*s = -3, s = -k*x - 4*s + 18. Let t(y) = 16*y - 6*y - 8*y - 6*y**2 + x - y**3. Calculate t(-6).
-5
Let m(p) = 0 + 4 - 3 + 18*p - 34*p. Let i be (-14)/35 + 7/5. What is m(i)?
-15
Let y(r) = 14*r**2 - 2*r + 1. Let p(c) = -40*c**2 + 6*c - 3. Let a(i) = -6*p(i) - 17*y(i). Determine a(2).
5
Let k(t) = t**2 - t**3 + t**2 - 238 + t + 8*t + 239. Give k(4).
5
Let i(n) = 0 - n**3 - 3 + 0 + 6 + n + 3*n**2. Let v be ((-2)/4)/(7*10/(-420)). Determine i(v).
6
Let v be ((-240)/40)/(3/(-2)). Let u = -14 + 21. Let z = v - u. Let s(g) = -3*g - 4. Calculate s(z).
5
Let n(l) = -l**2 - 3*l + 1. Let f(i) = i**2 - 6*i - 30. Let y be f(9). Determine n(y).
1
Let k be 5/2*(-5)/((-15)/6). Let o(i) = 0*i + 1 - 4 - 7*i + 4*i**2 - k*i**2. Calculate o(-6).
3
Let o(y) = -y - 5. Let k be o(-10). Suppose k*t - 12 = h, 5*h - 4*t - 24 = -0*t. Suppose 3*u + h = -10. Let d(f) = -f**3 - 5*f**2 + 6*f + 3. Give d(u).
3
Let y(z) = 9*z. Let d be 16/4 - (3 - 5). Suppose v - d = -5*j, 22 = 4*v - 3*j - 2. Let q(u) = -u + 5. Let r be q(v). Calculate y(r).
-9
Let z(g) = g**2 + 438*g + 428*g - 859*g + 7. Suppose 6 = -f - 0*f. Determine z(f).
1
Let y(f) = f + 4. Let q be y(-6). Suppose 10 - 38 = -7*x. Let z = q + x. Let r(m) = 3*m. What is r(z)?
6
Let q(s) = s**3 - 7*s**2 - 8*s - 3. Let f = -246 - -254. What is q(f)?
-3
Suppose -5*q = 35*q - 120. Let s(t) = t - 4. Give s(q).
-1
Suppose 7*f + 12 = -16 - 14. Suppose 3 + 11 = 2*z. Let r(y) = 0*y - z*y + y - y**2. What is r(f)?
0
Let m(k) be the third derivative of k**7/840 + k**5/120 + k**4/24 - 5*k**3/2 - 6*k**2. Let l(z) be the first derivative of m(z). Give l(-2).
-9
Let x(h) = h**3 - 2*h**2 - 10*h + 9. Let b be x(4). Let n(z) be the first derivative of 8*z**3/3 - z**2/2 + 1. Determine n(b).
7
Let g(r) = -r**3 + 9*r**2 + 8*r + 12. Let v = -353 - -363. What is g(v)?
-8
Let w(n) = -48 - n**2 + 103 + 4*n - 50. Let t(p) = 5*p**3 - p**2. Let q be t(1). Calculate w(q).
5
Let i(p) = -p**2 + 11*p + 11. Suppose 0 = -5*y - 4*n + 29, -4*y + 40 = 3*n + 16. Calculate i(y).
29
Suppose 0 = 4*s - 5*b - 24, 3*s - 2 = -3*b - 11. Let c(p) be the third derivative of -p + 1/24*p**4 + 0*p**3 - 3*p**2 + 0 + 1/30*p**5. Determine c(s).
3
Let m(w) = w**3 + 11*w**2 + 11*w + 4. Suppose -2*v = -3*k - 36, -k + 5*v - 2*v - 19 = 0. What is m(k)?
-6
Let w = 409 - 401. Let q(x) = -x**3 + 9*x**2 - 10*x + 8. Give q(w).
-8
Let q(g) = g - 9. Suppose -4*k + 41 = -5*j, j - 5*j = k - 5. Let l be q(k). Let t(u) = u + 12. What is t(l)?
12
Let r(z) = 8*z + 64 + 59 - 184 + 0*z**2 + z**2 + 67. Let c be ((-14)/3)/(2/(-3)). Suppose 0 = 6*x - 5*x + c. Give r(x).
-1
Let u(z) be the third derivative of -z**4/8 - 65*z**3/6 + 388*z**2. What is u(-22)?
1
Let w(x) = x**2 + 5*x - 8. Let h(r) = -14*r - 14. Let g be h(-5). Let i = g - 63. What is w(i)?
6
Let u(f) = -5*f**2 + 11*f - 4. Let m(x) = -2*x**2 + x. Let q(y) = 3*m(y) - u(y). Calculate q(-4).
20
Let a(c) be the first derivative of 3/2*c**2 - c - 43. Give a(-3).
-10
Let h(a) = -2*a**3 + a**2 + 1. Suppose 2 + 2 = 2*l. Let q be (-2 - 10/(-4))*l*2. Determine h(q).
-11
Let w(k) be the first derivative of -k**3/3 + 11*k**2/2 - 4*k + 787. Determine w(11).
-4
Suppose 3*v - 5*k = 22, -2 = -3*k - 17. Let i(q) be the third derivative of 7*q**4/24 + q**3/6 - q**2. Calculate i(v).
-6
Let s(h) = 7*h**3 - 2*h**2 + h. Let y = -604 + 602. Give s(y).
-66
Suppose 5*c - 2*w - 39 = -5*w, 31 = 3*c - 2*w. Let q be 35/3 - 2/3. Let i(b) = -13*b + 7. Let f(l) = -7*l + 3. Let t(k) = q*f(k) - 6*i(k). Determine t(c).
0
Let j(a) be the second derivative of -7*a + 3*a**2 + 1/6*a**3 + 0. Calculate j(6).
12
Let i(o) = -2*o + 3. Let x(u) = 3*u + 29. Let j be 1/((-10)/(-12) - 1) + -2. Let t be x(j). Calculate i(t).
-7
Suppose -23*m + 4 = -21*m. Let a(j) = -j**2 + j**3 - 5*j + 4*j + 0*j**3 - 1. Give a(m).
1
Let z(h) be the third derivative of -h**4/24 + h**3/6 - 25*h**2. Let n(r) = r**3 + 5*r**2 + 5*r - 3. Let s(t) = n(t) + 2*z(t). Calculate s(-5).
-16
Let l = 49 + -47. Let o(f) = 11 - l*f - 7 + 1 - 2. Suppose -2*x = -0*x + 10, -2*t + 3*x + 19 = 0. What is o(t)?
-1
Let h(l) = 3*l**3 - l**2 + l - 3. Suppose -k = -7*k - 12. Let c be -2 - (k + 1 + 1). Let n(a) = -2*a**3 + 2*a**2 - a + 4. Let o(v) = c*n(v) - 3*h(v). Give o(1).
-6
Let r(i) be the third derivative of -i**6/180 - i**5/30 + i**4/24 - i**3/2 - 12*i**2. Let k(u) be the first derivative of r(u). Calculate k(-3).
-5
Let h(d) = -2 - 2*d + 3*d + 5. Let o = -53 + 57. Calculate h(o).
7
Let k(m) = 3*m**2 - m + 5. Let y(g) = 6*g**2 - g + 11. Let i(t) = 7*k(t) - 3*y(t). Suppose 10 = 5*u, 9*r + 2*u - 14 = 4*r. Give i(r).
6
Let h(w) = -w + 10. Let f(r) = -14*r + 39. Let l(y) = f(y) - 4*h(y). Calculate l(-1).
9
Let k be 1*-5 + 55 + 0. Let v be (k/45)/(-5) + 60/27. Let w(x) = -8*x**2 + 2*x. Give w(v).
-28
Let k(v) = 4*v + 4. Suppose 4*l = 4*d + 36, 3 = -28*d + 30*d + 5*l. What is k(d)?
-20
Let o be (-9)/((-45)/(-25)) - (2 + -4). Let p(f) = -2*f**2 - 4*f + 3. Calculate p(o).
-3
Let v = -265 + 271. Let l(g) = -g**3 + 4*g**2 + 12*g - 7. What is l(v)?
-7
Suppose -o - t - 29 = -3*o, 0 = -t + 1. Let j(x) = -x**2 + 15*x - 3. What is j(o)?
-3
Let c(g) = 3*g - 7. Let q be (-15)/(-4) + (6 - (-69)/(-12)). Let m be c(q). Let l(b) be the second derivative of -b**4/12 + 2*b**3/3 - b**2 - b. Determine l(m).
-7
Let j(n) = -3. Suppose -14*g + 8*g + 54 = 0. Let l(w) = -w - 1. Let a(t) = -7*t + 6. Let p(v) = -a(v) + 6*l(v). Let h(q) = g*j(q) - 2*p(q). Give h(-2).
1
Suppose -5*r + 4*d - 22 = 0, 2*d - 10 - 10 = 4*r. Let x(w) = -3 + w + 3 + 2 + 4. Give x(r).
0
Let h(y) = -601*y - 4 - 1 + 597*y. Let z be (0 - -1)/((-2)/8). What is h(z)?
11
Let r be (-1)/5 - -6*32/60. Let l(g) = 3*g**3 + 4 - 3*g**3 - 3*g**r - 9*g**2 + 4*g**3 + 7*g. What is l(8)?
-4
Let k be (3 - (-1 - -2)) + (-3)/(-1). Let z(o) = -2*o**3 + 9 + o**3 + 0*o**3 + 5*o**2 - 3